s z composite?
False
Suppose 15729 - 550060 = -7*i. Is i a prime number?
True
Suppose -55 = 3*v - 88. Suppose 15*n = v*n + 1636. Is n a composite number?
False
Suppose 511 = l + 10. Is l + (-10)/5 + 0 prime?
True
Is 1 + 5 + 0 + 3586 + 43 a composite number?
True
Let a(j) = j**3 - 20*j**2 + 8*j + 19. Let q = -20 - -40. Is a(q) composite?
False
Let j = 41 + -39. Suppose j*k + 499 = 3*t + 6*k, 5*k = t - 141. Is t prime?
False
Suppose -35 = -4*l - 8*x + 3*x, 2*x = -5*l + 31. Let p be (l + 0)*(-198)/(-30). Suppose -w + 16 = k, 2*w - p = -0*w - 3*k. Is w a prime number?
False
Let i = 64 + 905. Suppose 1 = j, 2*x + j = 2*j + i. Is x a composite number?
True
Let w = 6 + 3. Suppose 0 = -5*b - w - 26. Let v(h) = 2*h**2 + 2*h + 9. Is v(b) a prime number?
False
Suppose -p - 2*p + 2*q + 5769 = 0, 3*p - 3*q - 5772 = 0. Is p composite?
True
Suppose 5*p + 12 = -263. Let w be p/10*1*26. Is 0/3 - 1*w a composite number?
True
Suppose -3*p + 1399 = -4*q, 5*p - 1617 = -q + 753. Is p a composite number?
True
Is (-31100)/(-6) + (-255)/765 a prime number?
False
Is ((-45)/40 - -1) + (-193227)/(-24) a prime number?
False
Let f(r) = 203*r**2 + 61*r - 25. Is f(10) a composite number?
True
Is ((-5 - 3)/(-8))/(3/14943) a composite number?
True
Let c(s) = 33 - s - 2*s**2 + 18*s**2 - 28. Let j = -9 - -5. Is c(j) composite?
True
Let t(p) = 402*p**2 - 17*p + 26. Is t(3) composite?
False
Is ((-26)/(-10))/(18/75510) a composite number?
True
Suppose -37*s = -41*s + 9332. Is s composite?
False
Suppose 0 = 2*w + n - 2*n - 11, 4*n = w - 9. Let d(k) = 9*k**2 + 6*k + 5. Let y be d(w). Let f = 147 + y. Is f a prime number?
False
Is ((-982)/8 - -11)*1048/(-6) composite?
True
Let o(y) = y**3 + 4*y**2 - 2*y - 3. Let v = 14 - 10. Let z be o(v). Let r = z - 48. Is r composite?
True
Let b be (-2)/12*1 + (-158)/(-12). Is (b/26)/(1197/(-1198) + 1) a composite number?
False
Let y = 25473 - 14570. Is y a prime number?
True
Let x(u) = 14*u**2 + 22*u - 43. Is x(39) prime?
True
Let m = -3285 + 10172. Is m prime?
False
Suppose -2*i - 3*i = -4*s - 5715, -4*i + s + 4561 = 0. Is i prime?
False
Suppose 0 = 5*b - 31 + 6. Suppose 892 = b*f - f. Is f a prime number?
True
Suppose 3*u + 3*k - 6 = 4*k, 0 = k. Suppose -2*o = -7*o + u*p + 2705, -5*o + 2705 = 5*p. Is o prime?
True
Is 1425146/20 + (-267)/890 a composite number?
False
Suppose f + 17 + 29 = -3*j, -3*f - 128 = 4*j. Let h be (4 - f)*(-15)/(-6). Suppose h = 4*x - 2*x. Is x prime?
False
Let u(o) = -o**2 - 1. Let r(y) = -8*y**2 + 13*y - 15. Let d(a) = -r(a) + 4*u(a). Let f be (-27)/(-3) - (-2)/(-2). Is d(f) prime?
True
Let u(k) = 8*k**2 - 7*k - 7. Let d = -18 - -12. Is u(d) a composite number?
True
Let m(x) = x**2 - 2*x - 10. Suppose 5*y + 49 = -16. Let i = y - -24. Is m(i) prime?
True
Suppose u - 15 = -4*d, 2*d + 13*u - 8*u = -15. Is -12603*(d + (-48)/9) a composite number?
False
Let z be (-40)/4*(-191)/2. Suppose 5*t + 0*t = z. Is t composite?
False
Suppose -i + 920 = -197. Is i composite?
False
Let b(x) be the third derivative of -x**5/60 + 5*x**4/24 + x**3/6 + 5*x**2. Let z be b(4). Suppose 0 = -z*a - 307 + 872. Is a a prime number?
True
Suppose 3*c = -6641 + 31964. Is c prime?
False
Let v(i) = 106*i**2 - 5*i + 3. Let n be v(5). Suppose -u - 3406 - n = 0. Is 2/12 + u/(-12) a composite number?
False
Suppose 4*z = 2*g + g - 12785, -g = 3*z - 4279. Is g a composite number?
True
Suppose 73 = -5*d + 8. Let u be (-459)/(-6)*4/(-3). Let t = d - u. Is t a composite number?
False
Let l(r) = r**2 + 2*r - 4. Let s be l(-4). Is 5*14 - (s + -1) composite?
False
Let g = -30 - -299. Let f = -168 + g. Suppose -d = 4*i + 2*d - 97, -d = -4*i + f. Is i composite?
True
Let c = -852 - -2555. Is c composite?
True
Let a(t) be the first derivative of 57*t**2 - 5*t + 12. Let w be (16/(-6))/((-8)/12). Is a(w) a composite number?
True
Suppose -4*k + 44 = 4*d - k, 4*d - 3*k = 20. Suppose 3*v + 13 = -d. Is (-7)/49 + (-302)/v composite?
False
Let y = 3109 + -2098. Suppose y = 5*f - 2834. Is f prime?
True
Suppose 103*w = 98*w + 172785. Is w a composite number?
True
Suppose x - 53 = 13. Let f be 1/(-6) - 28831/x. Let g = -292 - f. Is g a prime number?
False
Is ((-237)/6)/(41/(-4838)) a composite number?
True
Is (-336)/560 + 115916/10 a prime number?
False
Let c(v) = 2726*v + 39. Is c(7) a composite number?
False
Let o be 1/(-3) + 30/9. Suppose 0*z = o*z - 3213. Suppose 4*w + 3*f - 1063 = -w, f - z = -5*w. Is w composite?
True
Is (20718/10 + 1)/((-88)/(-220)) a composite number?
True
Let x(k) = 254*k**2 - 1. Let j = 63 + -64. Is x(j) a composite number?
True
Suppose -3*t + 40 = -119. Let l = t - -153. Let k = l - 141. Is k composite?
True
Suppose -3*h - 2*h - 2966 = -4*w, 5*h - 3730 = -5*w. Suppose -1508 = -4*z + w. Is z prime?
True
Let k(b) = b + 12. Let z be k(-10). Let n(a) = 2*a**3 + 3*a**z - 3*a**2 - 5*a**2 - 3*a - 1 - 2*a**2. Is n(6) composite?
True
Let y(o) = 197*o - 3. Let w(x) = 592*x - 10. Let b(i) = -6*w(i) + 17*y(i). Is b(-4) prime?
True
Let o(h) be the third derivative of 29*h**4/8 + 2*h**3/3 - 7*h**2. Is o(1) composite?
True
Suppose 0 = 6*g - g - 1955. Let w = 484 - 684. Let n = g + w. Is n prime?
True
Suppose -o = 5*f - 113062, o - 7 = -10. Is f prime?
True
Is 1*297 + 6 + (-10)/1 a prime number?
True
Suppose -228 = -2*t + 170. Is t a composite number?
False
Suppose 9541 = -5*u + u + i, -4*u + 2*i - 9542 = 0. Let w = -1807 - -5247. Let j = w + u. Is j a prime number?
False
Let y(t) = 5*t - 44. Let s be y(-11). Let r = 650 - s. Is r a prime number?
False
Suppose 100*h - 92*h - 4456 = 0. Is h a prime number?
True
Let v = -2 + -2. Let o be (-443)/(2*2/v). Is o/4 - 13/(-52) composite?
True
Suppose -2*l + w = -1 - 1, -3*l - 5*w - 23 = 0. Let h be 0 + l + 1 - -4. Suppose -h*z = -2*j + 310, -j + 0*j + 5*z + 164 = 0. Is j composite?
False
Suppose -38*n = -32*n - 48168. Let y be -4 - (1 + -1)/(-2). Is ((-1)/y)/(9/n) a composite number?
False
Suppose 5*x = 2*i + 2, -2 + 0 = 5*x - 3*i. Let t(b) = -b**2 + 2*b. Let z be t(x). Suppose 4*q - 3*p - 1667 = z, -5*p - 203 = -q + 201. Is q prime?
True
Let s(h) = 69*h**2 + 5*h + 77. Is s(-6) prime?
True
Suppose 5*z + 22 = -5*p + 7, 5*p = z + 3. Suppose p = j - 5*m - 2261, -1 = m - 5. Is j a prime number?
True
Let q be (-2)/(-5) - 36/15. Suppose h + 130 = 3*b, 0*b + 2*b = -2*h + 92. Is q/(-11) - (-1356)/b prime?
True
Suppose 4*p - 5850 = 2*k, -p + 2079 = -5*k + 639. Is p composite?
True
Suppose -5*d = 3 - 8. Let p be 0 + d + (-4 - -3). Is (161 + 18)/(1 + p) a prime number?
True
Suppose -6 = 3*p + 6, 0 = -2*r + p + 8. Suppose r*g + 12*g = 22694. Is g a composite number?
False
Let y = -10707 + 18485. Is y prime?
False
Let m = 590 + -283. Is 2*(m/(-2))/(-1) prime?
True
Suppose 2*d - 498 = -2*l, 0 = -3*d + 2*l - 126 + 893. Is d a prime number?
False
Suppose -4*k + 12 = -4. Suppose 38 = k*o + 10. Suppose 5*f = -2*a + a - o, -f = -2*a + 30. Is a prime?
True
Let n(f) = f**3 + 22*f**2 + 29*f + 3. Let c be n(-14). Suppose 0*v = v - c. Is v a prime number?
False
Suppose -14160 - 49152 = -48*h. Is h composite?
False
Let b(j) = 15*j**2 + 2*j + 5. Suppose n = 2*n + 3*d - 10, -2*d = -4*n + 12. Is b(n) a composite number?
True
Let w be (-6)/27*12*(1 + 2). Let a(o) = -22*o - 15. Is a(w) a prime number?
False
Let f(p) = -3*p**3 - p**2 + p + 1. Let x be f(-1). Suppose 5*b = 5*c + 15, -b - x*c + 1 = -2. Suppose -g - 4 = -1, -3*g - 798 = -b*a. Is a composite?
False
Is (12 - 2)*-7078*(-1)/4 a prime number?
False
Let y(v) = -76*v - 18. Let s be y(-4). Suppose 2*x + 237 = 3*g, s = 5*g + 3*x - 90. Is g composite?
True
Suppose -2*a - 5*b - 1111 = 0, 2*b = 3*a + 3*b + 1634. Let h = a - -992. Is h prime?
True
Let p(t) = -t**3 - 2*t**2 - 10*t - 11. Suppose -20*u = -21*u - 10. Is p(u) prime?
False
Let m be ((-1 - 1) + 3)*13. Suppose m = 4*k - 19. Is (-4)/k + (-107)/(-2) prime?
True
Let g(b) = -b + 3. Let k be g(6). Let c be k - -6 - 1*2. Is (95/(-10))/(c/(-2)) a prime number?
True
Let m(h) = 133*h + 3. Let c = 41 + -37. Is m(c) prime?
False
Suppose -5*w - 5*k = -5, -5*w = -4*k - 10 - 4. Suppose 1014 = w*l - 990. Suppose 1130 = 4*a - l. Is a composite?
True
Let l(o) = -2*o**2 + 22*o + 3. Let z be l(11). Let a(n) = -20 - 2*n + 252*n**z + 19 - n**2 + 3*n. Is a(1) a prime number?
True
Is (14128 + 9 + -4)*1/3 a composite number?
True
Let b be 5 - ((-9)/(-27))/((-2)/6)